*o + 6. Determine j(d).
-2
Let o(t) = -t. Let q(s) = -s**3 - s + 2. Let r be q(0). Let k(a) = r*a**2 + 3 - 5*a - 3*a**2 + 14*a. Let h(b) = -k(b) - 5*o(b). Determine h(4).
-3
Let s(p) = -11 - 5 + 20 - 2*p. Let r(b) = b**3 + 4*b**2 - 7*b - 6. Let h be r(-5). Calculate s(h).
-4
Let r(h) = -5*h**2 - 14*h + 10. Let q(g) = -14*g**2 - 41*g + 29. Let y(f) = 6*q(f) - 17*r(f). Determine y(6).
-8
Let b(j) be the second derivative of -j**4/24 - 2*j**3/3 - j**2/2 - 6*j. Let i(l) be the first derivative of b(l). Give i(0).
-4
Let t(l) = -262 + 532 - 3*l - 264. Let g(n) = -4*n - 3. Let i = 1 + -3. Let c be g(i). Determine t(c).
-9
Let b(o) be the third derivative of -o**4/8 - o**3/3 - 3*o**2. Give b(3).
-11
Let x(b) = -3*b**2 + 25*b + 19. Let z(k) = -2*k**2 + 17*k + 13. Let t(v) = -5*x(v) + 7*z(v). Calculate t(5).
-9
Let r(t) = t**3 + 4*t**2 - 3*t + 6. Let d be r(-5). Let h be (-1 + 3/6)*-4. Let y(a) = h*a + 2 - 1 + 1. Calculate y(d).
-6
Let z be (-1 - 2/(-2)) + 7. Let n(h) = z*h - 10*h - 6 + 2*h. Determine n(-5).
-1
Suppose 0 = -4*w - 48 + 16. Let v = 5 + -17. Let z = w - v. Let t(n) = -n**3 + 3*n**2 + 3*n - 2. What is t(z)?
-6
Let t(d) = -2*d**3 + 0 + 7*d**2 - 1 - 5*d - 4 + 5*d**3. Let p(g) = -4*g**3 - 11*g**2 + 8*g + 8. Let b(w) = -5*p(w) - 7*t(w). Calculate b(5).
-5
Let s(m) = m**3 + 6*m**2 - 3. Let i be s(-6). Let x(j) be the second derivative of -j**3/3 + 3*j. Calculate x(i).
6
Let i(h) = -h**3 - 7*h**2 - 3*h + 5. Let m(x) = x**3 + 8*x**2 + 4*x - 6. Let g(w) = -7*i(w) - 6*m(w). Calculate g(2).
7
Let a(q) = -5 + 2*q**3 + 0*q**3 + 8*q - q**3 - 6*q**2. Let o be a(5). Suppose 0 = -4*g + 9*g - o. Let h(t) = -t**3 - 2*t**2 + 4*t - 2. Determine h(g).
-10
Let k = 2 - 6. Let l(i) be the first derivative of 2*i**3/3 + 7*i**2/2 - 11*i + 2. Let s(c) = c**2 + 4*c - 6. Let q(u) = 3*l(u) - 5*s(u). Calculate q(k).
9
Suppose 5 - 15 = 5*y. Let k(i) = -i**3 - i**2 - 1. Let n(t) = -6*t**3 - 7*t**2 - t - 3. Let l(z) = 5*k(z) - n(z). Give l(y).
-4
Let h(s) = 3*s**2 - 11*s - 23. Let k(n) = 5*n**2 - 16*n - 35. Let b(t) = 8*h(t) - 5*k(t). Give b(-6).
3
Suppose -3*q - 3*c = -3, -19 = -0*q - q + 5*c. Suppose -2*t + 0*t = -q. Let p(k) = -3 - 2 + k - t. Give p(4).
-3
Let j(d) = -6*d - 2 + 10*d + d**2 - 8*d. Let u(f) = -2*f - 6. Let n be u(-6). Determine j(n).
10
Let m be (4/2)/(1/(-6)). Let x be (0 - 1)/(6/m). Let l(k) = -4*k**2 + 2*k + 1. What is l(x)?
-11
Let b(n) = -n - 8. Let d = -9 + 5. Let v be b(d). Let l(m) = 0*m**2 - m**2 + 5 - 3*m - m. Determine l(v).
5
Let b(c) = -4 + 5*c**2 - 16*c**2 + 5*c**2 + 7*c**2. Calculate b(0).
-4
Let k(g) = -2*g - 1. Let v be k(-1). Let h(t) be the third derivative of -5*t**4/24 + t**3/6 + t**2. Determine h(v).
-4
Let c(o) = -14*o + 9. Let s(q) = 7*q - 4. Let f(m) = 3*c(m) + 7*s(m). Let r = 6 + -5. Calculate f(r).
6
Let l(i) = -3*i - 3. Let w(x) be the third derivative of x**4/6 + 2*x**3/3 + 4*x**2. Let c(q) = -5*l(q) - 4*w(q). Give c(-4).
3
Let q(f) = f**2 - 4*f - 2. Suppose -7*a + 4*a + 15 = 0. Determine q(a).
3
Let i(s) = s**3 - 4*s**2 + 5*s - 4. Let c be i(3). Let v(r) = 4*r**c + 3 - 4 - 8*r**2. Give v(-1).
-5
Let n = -385 - -390. Let f(y) = -y + 1. Let q(g) = -6*g + 11. Let b(x) = 5*f(x) - q(x). What is b(n)?
-1
Let l(h) be the second derivative of -h**6/240 + 7*h**5/120 - h**4/4 - 4*h. Let f(t) be the third derivative of l(t). Calculate f(5).
-8
Suppose 6*c = 5*c + 3. Let b(t) = t - 4. Determine b(c).
-1
Let h(a) = 3*a**3 + a**2 + 5*a - 5. Let o(t) = 2*t**3 + t**2 + 4*t - 4. Let i(c) = -3*h(c) + 4*o(c). Give i(1).
0
Let b = 20 - 16. Let n(t) be the second derivative of -t + t**2 + 0*t**3 - 1/3*t**b - 1/20*t**5 + 0. Calculate n(-4).
2
Suppose 0 = -5*v - 7 - 8. Let n(c) = -4*c**3 + 3 - 2*c**2 + 5*c**3 - 2*c**3 + 5*c. Let j be n(v). Let g(y) = y**2 + 3*y. What is g(j)?
0
Let w(o) = 2*o - 6. Let q be (3/1)/((-18)/(-24)). Calculate w(q).
2
Let u(g) = -8*g**3 - g**2 + 1. Suppose -3*n + 5*j + 35 = 0, -4*n = j - 4 - 12. Suppose 0 = -2*y - 3*y + n. Suppose 3*d + 2 + y = 0. What is u(d)?
8
Suppose 3*i + 3*g + 9 = 0, -4 = 3*i - 3*g - 1. Let k(b) = -b**2 - 2*b - 2. What is k(i)?
-2
Let q(s) be the second derivative of s**4/12 - 5*s**3/6 - s**2 - s. Determine q(6).
4
Let a(u) = -4*u + 3. Let q(s) = -s**3 - 2*s**2 - s. Let m be q(-2). Let b be (-12)/(-9)*3/m. Give a(b).
-5
Let i(f) = -7*f**2 + 1. Let v be i(-1). Let x(c) be the first derivative of -c**3/3 - c + 2. Let n(j) = 2*j**2 + 3. Let o(p) = v*x(p) - 2*n(p). Determine o(-2).
8
Let n(z) = -14*z**2 + z. Suppose -3*m + 7*m - 4 = 0. What is n(m)?
-13
Let p(v) = -3*v + 2*v - 1 + 1 + 4. Calculate p(-6).
10
Let s(i) = 10*i - 1. Let h be -1*4 - (-12 + 9). Determine s(h).
-11
Let q(z) = -11 - 8*z + 5 + 8. Let p(t) = 7*t - 3. Let j(b) = 5*p(b) + 4*q(b). What is j(5)?
8
Let j(o) be the second derivative of o**5/24 - o**4/24 - o**3/6 - 3*o. Let m(l) be the second derivative of j(l). Calculate m(1).
4
Let d(b) = -b**3 + 8*b**2 - 5*b - 10. Let j be d(7). Let r(k) = 0*k**2 + 4*k - k**3 + j - 3*k**2 + k**2. Determine r(-3).
1
Let v be 192/(-60)*10/(-4). Let p(w) = w**3 - 7*w**2 - 9*w + 2. Calculate p(v).
-6
Let f(l) = -l**3 + l**2 - l - 5. Let u = -25 + 25. What is f(u)?
-5
Let b(q) = q**3 + 5*q**2 + 2*q - 5. Let j = 141 - 145. Give b(j).
3
Let r(k) = -k + 6. Suppose z - 4*i = -10, z - 4*i = -3*z - 4. Suppose 2*x - x - 20 = 5*l, 2*x + 4*l = 12. Suppose z*d - x = -0*d. What is r(d)?
1
Suppose -4*u + i = -26, i = u + 5*i - 15. Let t(q) = 2*q - u*q - 4 - 2 - q**2. Give t(-5).
-6
Let j(c) be the first derivative of c**3/3 - 3*c**2 + 7*c + 33. Suppose -2*b + 4 = 4*x - 8, 0 = 2*x - b - 14. Calculate j(x).
2
Suppose 0 = 6*q - q + 2*y - 15, 4*y = 5*q - 45. Suppose -5*t = 3*w - 9, -2*t = -q*w - 13 - 3. Let f(o) = -2*o. Determine f(w).
4
Let i(c) be the third derivative of -c**7/840 - c**6/360 + c**5/40 + c**4/24 - c**3/6 - 2*c**2. Let l(h) be the first derivative of i(h). Give l(-2).
-1
Let s(u) = u - 2. Let b = 10 - 16. Let p be s(b). Let o(j) = j**2 + 9*j + 10. Determine o(p).
2
Suppose 2*j - 32 = -2*j. Let m = 9 - j. Let z(f) = 6*f. What is z(m)?
6
Let f(v) = v**2 + 5*v + 3. Let q = 10 + -15. Let u be f(q). Let s = -3 - u. Let k(t) = -t**2 - 8*t - 2. Calculate k(s).
10
Suppose -c = -50 + 48. Let p(y) = 3*y**2 + 2*y - 1. Determine p(c).
15
Let m(g) be the third derivative of -1/3*g**3 + 0 + 1/120*g**6 + 0*g - g**2 + 1/24*g**4 + 0*g**5. Let n = -31 - -33. Give m(n).
8
Suppose -3*k + 11 = g - 7*k, -3*g = 3*k - 18. Let i(m) = -m**3 + 8*m**2 - 7*m + 7. What is i(g)?
7
Let g = 10 + -7. Let u(i) = -i + 3*i + 1 - g*i + 8*i. Suppose -5*a - 2 = 3. Give u(a).
-6
Let a(v) = -v + 9. Let k(u) = u - 10. Let n(t) = -6*a(t) - 5*k(t). Determine n(3).
-1
Let p(j) be the first derivative of -j**2/2 - j - 49. Give p(-4).
3
Let g(r) = -r**2 + r. Let k(n) = -n**2 + 6*n + 1. Suppose 0*z + 5*u + 30 = 5*z, 0 = -2*z + 5*u + 15. Let t be k(z). Let v = t + -3. Give g(v).
-6
Suppose -2 = -f - 0. Let l(w) = w**2 - 3*w - 1. What is l(f)?
-3
Let d = 2 + -16. Let m = 8 + d. Let g(o) = -2*o - 4. Give g(m).
8
Let z(w) = -w**2 + 3*w + 5. Suppose 0 = -6*i + 11*i - 25. Give z(i).
-5
Let v(w) = -3*w**3 + w**2 + 4. Let z(m) = m**2 - m - 1. Suppose -3*b = b - 4. Let n(o) = b*v(o) + 3*z(o). Calculate n(2).
-13
Let g(z) = -z**3 + 8*z**2 - 6*z - 2. Let h be g(7). Let m(k) = -k**2 + 3*k + 4. Calculate m(h).
-6
Let t(w) be the third derivative of w**6/120 + w**5/10 + 5*w**4/24 + w**3/6 + 41*w**2. Determine t(-5).
1
Suppose -3*l = -8*l - 15, -4*l = w + 17. Let g(u) = -u**2 - 4*u + 6. Determine g(w).
1
Let p(q) be the third derivative of q**6/60 - q**5/60 - q**4/24 - q**3/6 - q**2. Determine p(2).
9
Let k(m) = -m**3 + 11*m**2 - m + 16. Suppose -u + 2*u = -4*b + 7, u = -3*b + 8. Let v be k(u). Let d(y) = y**3 - 5*y**2 + 2*y - 6. What is d(v)?
4
Let r be 5/(-25)*45/(-6). Let x(j) be the second derivative of 0 + j + r*j**2 - 5/6*j**3. Determine x(3).
-12
Let p(w) be the third derivative of -1/30*w**5 - 1/4*w**4 + 0 - 5/6*w**3 + 0*w - 4*w**2. Calculate p(-4).
-13
Let u = 14 - 13. Let o(s) = 5*s**3 - 3 + 3 - s + u. Give o(1).
5
Let j(v) be the third derivative of v**5/60 - 7*v**4/24 + v**3/2 + 6*v**2. Let k = -8 + 14. What is j(k)?
-3
Let i(p) = -p - 7 - 1 + 0 + 3*p. What is i(6)?
4
Let z(l) = -l**3 + 12*l**2 - 32*l**2 + 14*l**2 - l + 9*l**2. Give z(3).
-3
Let j(c) 